tens digit of y?
9
Let y = 24592 - 16015. What is the hundreds digit of y?
5
Let x(m) = 7*m - 25. Let z be x(4). Let v(p) = 2*p - 15*p + 9*p + z. What is the units digit of v(-4)?
9
Suppose 5*x + 3*b - 20 = 3, x + 1 = 5*b. Suppose x*i = 7*i + 2*u - 594, -2*u = -i + 198. What is the units digit of i?
8
Let c(x) = 1998*x**2 + 31*x - 96. What is the thousands digit of c(5)?
0
Let a = -337 - -352. What is the units digit of (10/a)/((-5)/(-1365))?
2
Let a = 1628 + -1058. Suppose -13*x = -18*x + a. Suppose x = 4*u + 3*o, u + 2*o - 7 = 24. What is the units digit of u?
7
Let u = 11 - -92. What is the tens digit of u - 28 - (-14)/2?
8
Suppose 30 = -5*v - 10. Let t(n) be the first derivative of -n**4/4 - 5*n**3/3 + 2*n**2 + n + 4. What is the units digit of t(v)?
1
Suppose -212*f - 234243 = -263*f. What is the hundreds digit of f?
5
What is the tens digit of (10 - (-8 + 7)) + (-199914)/(-11)?
8
Let l(t) = -t**2 - 10*t - 20. Let q be l(-7). Suppose 0 = -7*h - q + 15. Suppose -h*f = -f - 92. What is the units digit of f?
2
Let u(j) = -7*j**2 - 17*j + 3. Let c(d) = 5*d**2 + 17*d - 4. Let r(m) = -2*c(m) - 3*u(m). What is the units digit of r(-7)?
9
Let g be (-1 - (-6 - -11))*(-39)/6. Suppose -g*f + 6405 = -45465. What is the thousands digit of f?
1
Let l = -37 - -39. Suppose 5*n - 3*t + 14 = 41, -l*t - 5 = n. Suppose 5*v - 302 = 3*v + n*s, v = -2*s + 151. What is the hundreds digit of v?
1
Let y(x) = 679*x**3 + 3*x + 2. Let m be y(-1). Let k be (-1 - m) + -2*4/(-8). Suppose -7*i = 5*g - 2*i - k, -4*g - i + 529 = 0. What is the tens digit of g?
3
Suppose 9*r = 4*r + k + 1065, 0 = -r - 2*k + 202. Let d = r + 14. What is the tens digit of d?
2
Suppose 9*o + 0*o - 666 = 0. Let y = o + -77. Let q(c) = -5*c**3 + 8*c**2 + 4*c - 2. What is the units digit of q(y)?
3
What is the thousands digit of ((-7)/35*20/(-6))/(32/338544)?
7
Let h be 2/14 + -2 + 228/21. What is the tens digit of (-3 - -81) + (-3)/h*3?
7
Suppose 113*k - y + 38628 = 118*k, 0 = -4*k - y + 30903. What is the thousands digit of k?
7
Let z = 3568 - -4204. What is the tens digit of z?
7
Suppose 6*p = -3 + 537. Suppose 0 = p*v - 87*v - 132. What is the tens digit of v?
6
Suppose -1014 - 1534 = -764*r + 757*r. What is the units digit of r?
4
What is the units digit of (-5940)/80*(26/(-6) + 3)?
9
Let b be 3/(69/(-39) + 2). Suppose b = -5*t + 28. Suppose -664 = -5*u - 5*m + 381, t*u - m = 643. What is the tens digit of u?
1
Let b be (-1796)/(-2)*13/26. Suppose s + 4*q = 1286 + b, 5*q = -5*s + 8720. What is the tens digit of s?
4
Suppose 5*j = 2*j - 3*j. Suppose -6*f + 5*f + s + 567 = j, 3*f - 4*s - 1705 = 0. What is the hundreds digit of f?
5
Suppose 0 = -g + 7*j + 7856, -31482 = -4*g - 63*j + 62*j. What is the hundreds digit of g?
8
Let d be (-2 + 5)*(-380)/3. Let i = d + 808. What is the hundreds digit of i?
4
Suppose -4*y + 0*y = -2*d + 2, 3*d - 4*y - 13 = 0. What is the tens digit of (11/(d/580))/(4 - 3)?
8
Suppose m + m = -m + 18123. What is the tens digit of m?
4
Suppose 28*p - 29*p = -587. Let j = p - 243. What is the tens digit of j?
4
Let r be -2*18/3 - -4. Let w be (r/10)/((-5)/25). Suppose -w*n + 360 = -148. What is the tens digit of n?
2
Let q(a) = 6*a**2 + 297*a + 323. What is the tens digit of q(-84)?
1
Suppose 8*o = -3*c + 250879, -81*c = 4*o - 77*c - 125452. What is the units digit of o?
8
Let t(g) = -g**3 - 9*g**2 - 11*g - 8. Let m be t(-7). Let j = m - -33. Suppose -j*n + 5*w = -283, 5*n - w = -4*w + 326. What is the tens digit of n?
6
Suppose -383011 = -119*s + 407. What is the tens digit of s?
2
Suppose -i + 95 + 37 = 0. Let g be 10/15*(-159)/2. Let a = i + g. What is the tens digit of a?
7
Let i = 2 + -1. Let j(k) = 0 - 18*k + 4*k + i + 3*k**2. What is the units digit of j(7)?
0
Let r = -2130 - -3039. Suppose 4*y - 5*p - r = 418, -661 = -2*y + 5*p. What is the units digit of y?
3
Suppose -4*m + 1124 = -5*f, -274 = -m + 602*f - 599*f. Suppose 2*y = -2*b - 56, 3*y - 5*y = 8. Let w = m + b. What is the tens digit of w?
6
Suppose -550 = 6*s - 34. What is the units digit of s*(-7 - (-65)/10)?
3
Let l be ((-6)/15)/(1/5). Let t = -276 - -282. What is the tens digit of (-1 - l) + (t/1 - -56)?
6
Let c = 143 + -96. Suppose 0 = -4*g + 191 - c. What is the units digit of (-246)/g*-21 - 6/(-4)?
5
Let v be 4186/49 + 2*(-15)/70. Suppose -70*u = -v*u + 4425. What is the tens digit of u?
9
Suppose 7*p - 3*p + 1363721 = 35*p. What is the thousands digit of p?
3
Suppose 4*l + s = 3*l - 3, -4*s = 0. Let i(b) = -b**3 + 2*b**2 + 6*b - 2. Let r be i(l). Let c = 47 - r. What is the units digit of c?
2
Let h be (8/6)/((256/(-60))/(-16)). Suppose h*z = 5*v - 4645, -2*v = -4*v + 5*z + 1843. What is the hundreds digit of v?
9
Suppose -2*r - r = 12, 0 = 2*l - r - 10. Suppose 5*j + l*o - 2667 = 0, 15*j - 11*j - 2134 = -2*o. What is the units digit of j?
4
Let j = -2905 + 5381. What is the thousands digit of j?
2
Let q(d) = -6*d**3 + 20*d**3 + d**2 - 13*d**3 + 4*d**2 + 4. Let g be q(-5). Suppose 0*x = -x + g*u + 211, -4*u = 4*x - 884. What is the tens digit of x?
1
Let v = -268 + 389. Suppose 0 = -5*q + 4*j + v, 2*j + 113 = q + 4*q. What is the tens digit of (1 + 14)*(182/q - 4)?
7
Suppose 187*a + 8 = 183*a. What is the tens digit of (a/(-4))/((153/21258)/17)?
8
What is the units digit of 8/64*52*1426?
9
Let a = -658 + 656. What is the units digit of ((6028/(-8))/11)/(a/52)?
1
Suppose 23*s = 22*s + 4. Let k be 2 - (-3 + s)*1/(-1). Suppose h = -5*n + 664, k*n - 4*h - 47 = 333. What is the hundreds digit of n?
1
Suppose 11*y + 76 = 8*y - 5*m, -8 = -2*m. What is the tens digit of y/(-12)*2*276?
7
Let l = 95 - 82. Suppose -6*s + l*s - 700 = 0. What is the hundreds digit of s?
1
Suppose 0 = -15*w + 13*w - 1592. Let q = 1503 + w. Suppose -q + 2547 = 10*p. What is the hundreds digit of p?
1
Let p be (-222)/9*(-3)/(-2). Let o(w) = -11*w + 142. What is the units digit of o(p)?
9
Suppose -68004 = -9*o + 3*o - 26034. What is the units digit of o?
5
Let s(y) = -y**3 - 5*y**2 - 4*y - 6. Let b be s(-5). Suppose 5*m = -5*m + 60. Let d = m + b. What is the tens digit of d?
2
Let m = -1137 + 1139. Let d be (-2 + 20/16)*-8. Suppose d*u = -m*u + 80. What is the tens digit of u?
1
Suppose 0 = 220*j + 175*j - 7784265. What is the ten thousands digit of j?
1
Suppose 284 + 886 = 5*t. What is the hundreds digit of (t + -6)*8/6?
3
Suppose -3*a + 39075 + 2328 = -507. What is the units digit of a?
0
What is the units digit of ((-10 + 13)*6/9)/(3/27924)?
6
Let x(y) = 3*y**2 - 89 - 12*y + 57*y + 47 + 47. What is the hundreds digit of x(-18)?
1
Suppose -3733 = 2*y - 3*y - 4*k, -2*y = -3*k - 7477. What is the tens digit of y?
3
What is the tens digit of 3256/(-740)*4/8*-2*1465?
4
What is the units digit of 3127192/52 + (-176)/572?
8
Suppose -3*c + 5*y + 20 = -4*c, -c = 2*y + 5. Suppose -8*x + 438 = -c*x. What is the units digit of x?
6
Suppose -136 = -22*s - 48. Suppose -1258 = -b - 5*p, b + s*p = 1763 - 507. What is the tens digit of b?
4
Suppose 0 = -6*o + 11089 + 20693. What is the hundreds digit of o?
2
Let m = 2448 - 950. Let h = m - 560. What is the units digit of h?
8
Let t(s) = 41*s**3 - 3*s**2 + 1. Let h be t(-2). Suppose -4*k - 9*f + 10*f = 2239, 0 = 2*f + 2. Let v = h - k. What is the units digit of v?
1
What is the thousands digit of (-17105 + -4)*(-1 - 18/27)?
8
Let j(s) = -23*s + 3. Let q be j(0). Suppose -2*l = q*r - 0*l - 591, 4*r = 4*l + 808. What is the hundreds digit of r?
1
Let z(s) = 727*s + 3179. What is the units digit of z(11)?
6
Let w = -11849 - -21191. What is the units digit of w?
2
Let z(k) = -k**3 - 4*k**2 + 2*k - 11. Let x be z(-5). Let b(l) = -4*l**2 - 26 + x*l**2 - 2*l + 6*l**2 - 5*l**2. What is the hundreds digit of b(-11)?
1
Let a(h) = 24*h**2 - 4*h - 3. Let n be a(-3). Suppose 0 = -3*l + 146 - 380. Let r = l + n. What is the tens digit of r?
4
Let w(g) = -3*g + 3. Let s be w(-2). Suppose -s*c - 12948 = -22*c. Suppose -4*x + 640 + 152 = 4*p, 5*x - c = -2*p. What is the units digit of x?
0
Suppose -353*n + v - 114217 = -357*n, 0 = 2*n - 4*v - 57122. What is the tens digit of n?
5
Suppose 0 = 4*y - 2*t - 55792, -110*y + 115*y = -t + 69726. What is the thousands digit of y?
3
Suppose -2*k = -4 - 0. Suppose 0 = 2*t - b - 5, 3*t + k*t = 2*b + 14. Suppose 0*d - t*d + 12 = 0. What is the units digit of d?
3
Suppo